ist the prime factors of (-7576)/r + (-42)/18.
17, 37
Let u(f) = 3*f**2 + 166*f + 664. What are the prime factors of u(-99)?
13633
Suppose -11228*q + 11233*q - 69470 = 0. What are the prime factors of q?
2, 6947
Let j = -70974 + 111834. List the prime factors of j.
2, 3, 5, 227
Suppose 686524 = 27*t + 3289. List the prime factors of t.
3, 5, 7, 241
Suppose -10805*s + 10802*s = -12003. List the prime factors of s.
4001
Let j(z) = -3 + 0 + 24 - 9 - 11*z. Suppose 0*a - 3*a - 24 = 0. What are the prime factors of j(a)?
2, 5
Suppose 4*s - 311 = z, -9 + 310 = 4*s - 3*z. Suppose 33 = -h - 10. Let o = h + s. List the prime factors of o.
2, 3
Let g = 467 - 459. What are the prime factors of -85*(0 - g - -5)?
3, 5, 17
Let q(j) = 6*j**2 - j - 6. Let s be q(-2). What are the prime factors of (5/(s/72))/(1/10)?
2, 3, 5
Let j(s) = -18*s**2 - 208*s - 106. List the prime factors of j(-10).
2, 3, 29
Let u = -356 + 361. Suppose u*y + 52 = 3*h - 246, 379 = 4*h - 3*y. What are the prime factors of h?
7, 13
Let n = 2628 - 1414. Suppose -16*k = -5038 + n. What are the prime factors of k?
239
Suppose 21 = 3*f + 14*x - 10*x, 0 = 4*f + 2*x - 18. Suppose f*w - 535 = 2*g + 665, 0 = 5*g + 15. What are the prime factors of w?
2, 199
Let v(p) = p**2 - 11*p + 28. Let b be v(8). Let f(j) = 4*j**2 + 3*j - 15. Let g be f(b). Let c = g + -57. List the prime factors of c.
2
What are the prime factors of ((38728/(-3))/4 + -2)*(-4212)/546?
2, 3, 173
Suppose 408*p + 2892010 = 530*p. List the prime factors of p.
5, 11, 431
Suppose 24*x - 101 = 23*x. Let p = x + -8. Let d = p - 60. What are the prime factors of d?
3, 11
Let p(q) = 1539*q**2 + 139*q + 277. List the prime factors of p(-2).
5, 1231
Let n = -16 - -142. Suppose 2474 + n = 2*w. List the prime factors of w.
2, 5, 13
Suppose -10 - 20 = -3*g. Suppose -g*x - 245 = -5*x. Let j = 85 + x. What are the prime factors of j?
2, 3
Let j(a) = -7 - 2*a**2 + 4*a**2 + 10*a - a**2. Let t be j(-8). Let m = 40 + t. List the prime factors of m.
17
Suppose -901522 = 43*x - 1016324 - 2582072. List the prime factors of x.
2, 3, 10453
Let d = -854 - -1573. Suppose 4*t - 1097 = d. What are the prime factors of t?
2, 227
List the prime factors of (2 - 8)*46123/(-14).
3, 11, 599
Let s be (-34)/(-12*(-2)/(-9) - -2). Suppose -37 = -2*x + s. List the prime factors of x.
2, 11
Let c(h) = h**2 - 11*h + 2. Let q be c(11). Suppose 8 - 16 = -q*u. Suppose -5*t - u*z + 759 = 0, 4*t + 2*z = -3*z + 609. List the prime factors of t.
151
Let y = -24 - -28. Suppose -8*q + 848 = -y*q. Suppose -6 = -2*n + q. List the prime factors of n.
109
Suppose 2315608 = 41*n + 38*n + 217*n. What are the prime factors of n?
7823
Suppose -f = -17 - 44. Suppose -v - 2*x + 19 + f = 0, -5*v = -x - 455. List the prime factors of v.
2, 3, 5
Suppose 4*l = 3*w - 12 - 8, -4*w + 20 = -2*l. Suppose -2*q - 3*q + 5*h = -1130, 0 = w*h - 20. List the prime factors of q.
3, 7, 11
Let d = 69 - 65. Suppose -2*l + 172 = d*g, -4*g + 237 = l + 67. Suppose 48 + g = 2*h. List the prime factors of h.
3, 5
Suppose -3*o + 4*z = -55 + 11, -5*o = -2*z - 64. Let l = o - -42. Let g = l + -29. List the prime factors of g.
5
Suppose -3*o + 4*s - 699 = 0, -4*o = -3*s - 0*s + 932. Let h = -158 - o. Let u = h + -10. List the prime factors of u.
5, 13
Let l be 0*(-5 + 2 + 4). Suppose l = -48*u + 35*u + 4030. List the prime factors of u.
2, 5, 31
Let x = 13939 + -1051. What are the prime factors of x?
2, 3, 179
Let s(f) = -23775*f**3 - 28*f**2 - 22*f + 5. What are the prime factors of s(-1)?
2, 11887
Let c be 14*(2/(-6) - 42/(-18)). What are the prime factors of ((-9646)/c)/(1/(-2))?
13, 53
Suppose -215*u = -249*u + 79016. List the prime factors of u.
2, 7, 83
Let c(g) = -g**3 - 8*g**2 + 43*g + 274. List the prime factors of c(-39).
2, 11437
Let z(m) = m**2 + 28*m + 230. Let l(o) = o**3 + 8*o**2 + 24*o - 9. Let a be l(-3). List the prime factors of z(a).
2, 7, 37
Let z = 25 + -22. Let j be z + 3 + 3 + -4. Let g = 62 - j. What are the prime factors of g?
3, 19
Let m(v) = 2*v**2 - 13*v - 46. Let f be m(10). Let n(k) = k + 38. Let a(l) = 37. Let y(g) = -4*a(g) + 5*n(g). What are the prime factors of y(f)?
2, 3
Let p(q) be the first derivative of 2*q**3 + 3*q**2/2 - 11*q - 30. Let x = 56 - 62. What are the prime factors of p(x)?
11, 17
Let t(m) = -m**3 - 13*m**2 - 25*m + 3. Let z = 339 + -351. What are the prime factors of t(z)?
3, 53
List the prime factors of 6/7 - 9396877/(-343).
27397
Let w be (-79)/(-6) - (11/(-6))/(-11). Suppose -w*y - 150 = -14*y. Suppose 0 = 3*j - f + 3*f - 113, -y = -4*j - 2*f. What are the prime factors of j?
37
Suppose -63*s + 57*s = 24. List the prime factors of (-30)/s*3096/60.
3, 43
Let s = -97 - -3051. Suppose -176 = -10*k + s. What are the prime factors of k?
313
Suppose -2*v = -v - 3. Suppose -v*g - 40*o + 2153 = -36*o, -g + 716 = o. List the prime factors of g.
3, 79
Let f = 38 + -40. Let z be f/(-8) + (-44)/(-16). Suppose -62 = -4*u + z*u. What are the prime factors of u?
2, 31
Let j = -1442 - -7916. List the prime factors of j.
2, 3, 13, 83
Let k = 7606 - 7179. List the prime factors of k.
7, 61
Let o(u) = -2*u - 2. Let t be o(1). Let q be (t + (-8)/(-3))*(-51)/2. Suppose -4*h = -r + q, -2*h = r - 3*r + 56. List the prime factors of r.
2, 13
Suppose -9*b = 85 - 121, 5*b = q - 29412. List the prime factors of q.
2, 13, 283
Let q = 697 - 1218. Let z = q - -804. Suppose -2*y + 3*c = -527, -c = 3*y - 480 - z. List the prime factors of y.
2
Suppose -4*z + 3*q + 77 = 0, -2*z - 9 + 55 = -4*q. Suppose 4*s + h - 183 = 0, -4*h + z + 71 = 2*s. List the prime factors of s.
2, 23
Let f = 14133 - 12430. What are the prime factors of f?
13, 131
Suppose 15 = 6*o - 3. Suppose -4*b + m = -667, -4*b + 696 = o*m + 25. List the prime factors of b.
167
Let l(a) = -a + 12. Let t be l(8). Suppose -4*r + 4*c + 0 = -t, -5*r - 3*c = -45. Suppose 315 - 1449 = -r*s. What are the prime factors of s?
3, 7
Let i be -5*6/105 - 388636/14. List the prime factors of 6/(-42) - i/35.
13, 61
Let o(w) = -w**3 - 13*w**2 + 375*w - 73. List the prime factors of o(-41).
2, 3, 5, 17, 31
Suppose 58 = -g + 60. List the prime factors of ((-5)/(-4) - g)*4472/(-13).
2, 3, 43
Let o(d) = -5 + 103*d**2 - 2*d - 7*d - 58*d**2 + 6*d. What are the prime factors of o(4)?
19, 37
Let s = -48 - -53. Let w(o) = o. Let v be w(s). Suppose -7*j = -v*j - 234. What are the prime factors of j?
3, 13
Suppose 12 = 2*c - 114. Let z = -60 + c. Suppose 5*u = u - z*g + 356, -4*g = 0. What are the prime factors of u?
89
Let p(n) = -4634*n + 1232. What are the prime factors of p(-5)?
2, 3, 7, 83
Let m be ((-3)/2)/(2/(-4)). Suppose 5*s - 4*s + 1412 = m*r, -4*s = -5*r + 2344. List the prime factors of r.
2, 59
Suppose -3332 + 1272 - 13672 = -4*s. List the prime factors of s.
3, 19, 23
Let m be (1 - 283/(-3))*12. Let z = -382 + m. List the prime factors of z.
2, 3, 127
What are the prime factors of 75713/6 + 40*(-14)/672?
2, 3, 701
Let m = -1063 + 2107. Suppose -4*n + m = -388. List the prime factors of n.
2, 179
Suppose 2 = -y, -y = -188*m + 183*m + 34997. List the prime factors of m.
3, 2333
Let n(b) = -b**3 - 43*b**2 - 7*b - 400. What are the prime factors of n(-55)?
3, 5, 41, 59
Let j = 1540 - -2865. What are the prime factors of j?
5, 881
Let v be -2 + 16/(-1 + 9). Suppose 3*y - 5*n + 126 - 1998 = 0, v = -5*y + 2*n + 3101. What are the prime factors of y?
619
Suppose -208*i + 10445950 = -7359682. What are the prime factors of i?
2, 21401
Suppose 5814*g - 1923574 = 5753*g. What are the prime factors of g?
2, 15767
Suppose -60846 = -4*y - 5*m, 2*y - 4*m - 29447 = 989. What are the prime factors of y?
2, 7607
Let l be -128*(-3 - (-30)/12). Suppose 0 = -l*z + 55*z + 1395. List the prime factors of z.
5, 31
Let w(u) be the first derivative of -17*u**2/2 + 47*u - 55. List the prime factors of w(-7).
2, 83
Let j(c) = 46*c**2 - 2*c + 4. Let x be j(3). Let p = -244 + x. Suppose y = p - 43. What are the prime factors of y?
5
Suppose 0 = 3*r + 5*h + 6256 - 16748, 2*r = 4*h + 6980. List the prime factors of r.
2, 1747
List the prime factors of 36/(-3) + (21 - -7884).
3, 877
Let n = 123 - 121. Let m be (372/n - -2)/(-7 - -8). Let b = 106 + m. List the prime factors of b.
2, 3, 7
Let u(b) be the first derivative of -118*b**2 + 71*b + 78. What are the prime factors 